{"id":9673,"date":"2022-03-11T11:52:56","date_gmt":"2022-03-11T09:52:56","guid":{"rendered":"https:\/\/www.vempele.fi\/?post_type=product&#038;p=9673"},"modified":"2026-03-25T12:09:28","modified_gmt":"2026-03-25T10:09:28","slug":"tesla-turdampferpads-5-stuck","status":"publish","type":"product","link":"https:\/\/www.vempele.fi\/de\/tuote\/tesla-oven-vaimennustyynyt-5-kpl\/","title":{"rendered":"Autot\u00fcr-D\u00e4mpferpads 5 St\u00fcck"},"content":{"rendered":"<p>Autot\u00fcr-D\u00e4mpferpads 5 St\u00fcck<\/p>\n<ul>\n<li>T\u00fcrd\u00e4mpferpads, 5 St\u00fcck<\/li>\n<li>Kompatibilit\u00e4t: Tesla Model 3\/S\/X\/Y, auch andere Automodelle<\/li>\n<li>Farbe: schwarz, mit wei\u00dfem Automuster<\/li>\n<li>Gr\u00f6\u00dfe: 27 x 8 mm (1 St\u00fcck)<\/li>\n<li>Gewicht: 2,5 g (1 St\u00fcck)<\/li>\n<\/ul>","protected":false},"excerpt":{"rendered":"<p>T\u00fcrd\u00e4mpferpads jetzt auch f\u00fcr Tesla Modelle 3, S, X und Y! Geeignet f\u00fcr die D\u00e4mpfung von St\u00f6\u00dfen und Ger\u00e4uschen in T\u00fcren und Klappen.<br \/>\nPackung mit 5 schwarzen Kissen mit Automotiv. Die Kissen haben eine Klebebandbefestigung und werden an der T\u00fcr\u00f6ffnung, Schwelle und\/oder Seite befestigt. Reinigen Sie die Oberfl\u00e4che gr\u00fcndlich und befestigen Sie die Kissen an einem warmen Ort, damit das Klebeband besser haftet.<\/p>","protected":false},"featured_media":19229,"comment_status":"open","ping_status":"closed","template":"","meta":[],"product_brand":[],"product_cat":[151,152,153,154,452,453,454,455,481,484,486,483,128],"product_tag":[339,83,340,156,172,173,271,540,121,319],"class_list":{"0":"post-9673","1":"product","2":"type-product","3":"status-publish","4":"has-post-thumbnail","6":"product_cat-model-3","7":"product_cat-model-s","8":"product_cat-model-x","9":"product_cat-model-y","10":"product_cat-m3-tarvikkeet","11":"product_cat-ms-tarvikkeet","12":"product_cat-mx-tarvikkeet","13":"product_cat-my-tarvikkeet","14":"product_cat-tarvikkeet-ulkopuolelle-model-3","15":"product_cat-tarvikkeet-ulkopuolelle-model-s","16":"product_cat-tarvikkeet-ulkopuolelle-model-x","17":"product_cat-tarvikkeet-ulkopuolelle-model-y","18":"product_cat-tesla-tuotteet","19":"product_tag-aanenvaimennus","20":"product_tag-autotarvikkeet","21":"product_tag-iskunvaimennus","22":"product_tag-model-3","23":"product_tag-model-s","24":"product_tag-model-x","25":"product_tag-model-y","26":"product_tag-ovityyny","27":"product_tag-tesla","28":"product_tag-varaosat","30":"first","31":"outofstock","32":"taxable","33":"shipping-taxable","34":"purchasable","35":"product-type-simple"},"jetpack_sharing_enabled":true,"_links":{"self":[{"href":"https:\/\/www.vempele.fi\/de\/wp-json\/wp\/v2\/product\/9673","targetHints":{"allow":["GET"]}}],"collection":[{"href":"https:\/\/www.vempele.fi\/de\/wp-json\/wp\/v2\/product"}],"about":[{"href":"https:\/\/www.vempele.fi\/de\/wp-json\/wp\/v2\/types\/product"}],"replies":[{"embeddable":true,"href":"https:\/\/www.vempele.fi\/de\/wp-json\/wp\/v2\/comments?post=9673"}],"wp:featuredmedia":[{"embeddable":true,"href":"https:\/\/www.vempele.fi\/de\/wp-json\/wp\/v2\/media\/19229"}],"wp:attachment":[{"href":"https:\/\/www.vempele.fi\/de\/wp-json\/wp\/v2\/media?parent=9673"}],"wp:term":[{"taxonomy":"product_brand","embeddable":true,"href":"https:\/\/www.vempele.fi\/de\/wp-json\/wp\/v2\/product_brand?post=9673"},{"taxonomy":"product_cat","embeddable":true,"href":"https:\/\/www.vempele.fi\/de\/wp-json\/wp\/v2\/product_cat?post=9673"},{"taxonomy":"product_tag","embeddable":true,"href":"https:\/\/www.vempele.fi\/de\/wp-json\/wp\/v2\/product_tag?post=9673"}],"curies":[{"name":"wp","href":"https:\/\/api.w.org\/{rel}","templated":true}]}}

Autotür-Dämpferpads 5 Stück

<p>Autotür-Dämpferpads 5 Stück</p>
<ul>
<li>Türdämpferpads, 5 Stück</li>
<li>Kompatibilität: Tesla Model 3/S/X/Y, auch andere Automodelle</li>
<li>Farbe: schwarz, mit weißem Automuster</li>
<li>Größe: 27 x 8 mm (1 Stück)</li>
<li>Gewicht: 2,5 g (1 Stück)</li>
</ul>

<p>Türdämpferpads jetzt auch für Tesla Modelle 3, S, X und Y! Geeignet für die Dämpfung von Stößen und Geräuschen in Türen und Klappen.<br />
Packung mit 5 schwarzen Kissen mit Automotiv. Die Kissen haben eine Klebebandbefestigung und werden an der Türöffnung, Schwelle und/oder Seite befestigt. Reinigen Sie die Oberfläche gründlich und befestigen Sie die Kissen an einem warmen Ort, damit das Klebeband besser haftet.</p>
