{"id":10729,"date":"2022-04-22T16:08:50","date_gmt":"2022-04-22T13:08:50","guid":{"rendered":"https:\/\/www.vempele.fi\/?post_type=product&#038;p=10729"},"modified":"2026-04-19T22:28:16","modified_gmt":"2026-04-19T19:28:16","slug":"tesla-model-3-kattotelineet","status":"publish","type":"product","link":"https:\/\/www.vempele.fi\/fi\/tuote\/tesla-model-3-kattotelineet\/","title":{"rendered":"Kattotelineet &#8211; Tesla Model 3"},"content":{"rendered":"<p>Helppo asennus mukana tulevan oppaan avulla.<\/p>\n<p>Paketti sis\u00e4lt\u00e4\u00e4 kaiken tarvittavan telineiden asentamiseen. Mukana on my\u00f6s PPF (Paint Protection Film) -kaistaleet telineiden jalkojen alle suojaamaan autosi maalipintaa. PPF-kalvot ovat l\u00e4pin\u00e4kyv\u00e4t.<\/p>\n<p>Valmistaja on testannut telineiden kest\u00e4v\u00e4n 200 kg kuorman. Suosittelemme kuitenkin 68 kg maksimikuormaa, joka on my\u00f6s Teslan suositus.<\/p>\n<p><b>Lis\u00e4tiedot:<\/b><\/p>\n<ul>\n<li style=\"list-style-type: none;\">\n<ul>\n<li>Yhteensopivuus:\n<ul>\n<li>Model 3 Pre-Refresh vm. 2019 &#8211; 2021<\/li>\n<li>Model 3 Refresh vm. 2021 &#8211; 2023<\/li>\n<li>Model 3 Highland vm 2023 -&gt;<\/li>\n<\/ul>\n<\/li>\n<li>Helppo asennus<\/li>\n<li>Kest\u00e4v\u00e4\u00e4 alumiinia<\/li>\n<li>Paketin mitat: 136 x 16 x 18 cm, 7,4 kg<\/li>\n<li>Paketti sis\u00e4lt\u00e4\u00e4\n<ul>\n<li>Kiinnitysavaimen<\/li>\n<li>Telineet eteen ja taakse<\/li>\n<li>Telineiden reunamuovit<\/li>\n<li>&#8221;Padit&#8221; telineiden jalkojen alle<\/li>\n<li>Kiinnitysmutterit<\/li>\n<li>kiinnitysklipsut<\/li>\n<li>PPF-kaistaleet<\/li>\n<li>Kiinnitysoppaan<\/li>\n<\/ul>\n<\/li>\n<\/ul>\n<\/li>\n<\/ul>\n<p><strong>Huomio! Kattotelineet ovat alkuper\u00e4ist\u00e4 vastaavat, eiv\u00e4t Teslan alkuper\u00e4iset.<\/strong><br \/>\nKattotelineet vastaavat ulkon\u00e4\u00f6lt\u00e4\u00e4n Teslan alkuper\u00e4isi\u00e4.<\/p>\n<p>Asennusohjeet voit ladata<strong> <a href=\"https:\/\/www.vempele.fi\/wp-content\/uploads\/2022\/12\/Kattotelineiden-asennusohje.pdf\">t\u00e4st\u00e4.<\/a><\/strong><\/p>\n","protected":false},"excerpt":{"rendered":"<p>Tesla Model 3:n kattotelineet muotiv\u00e4riss\u00e4, eli mustana.<\/p>\n<p>Oiva tapa lis\u00e4t\u00e4 kuljetuskapasiteettia entisest\u00e4\u00e4n; voit k\u00e4ytt\u00e4\u00e4 kattotelineit\u00e4 esimerkiksi suksiboksin tai polkupy\u00f6r\u00e4n kuljetustelineen kiinnitt\u00e4miseen Teslasi katolle.<\/p>\n<p>Sopivat mainiosti my\u00f6s vain ulkon\u00e4k\u00f6muutokseksi.<\/p>\n<p>Huom. n\u00e4m\u00e4 kattotelineet ovat alkuper\u00e4isi\u00e4 vastaavat, eiv\u00e4t alkuper\u00e4iset.<\/p>\n<p>Asennusohjeet voit ladata<strong> <a href=\"https:\/\/www.vempele.fi\/wp-content\/uploads\/2022\/12\/Kattotelineiden-asennusohje.pdf\">t\u00e4st\u00e4.<\/a><\/strong><\/p>\n<p><strong>Uusi, lukollinen malli!<\/strong><\/p>\n","protected":false},"featured_media":10725,"comment_status":"open","ping_status":"closed","template":"","meta":[],"product_brand":[838],"product_cat":[151,452,481,128],"product_tag":[83,365,156,552,121],"class_list":{"0":"post-10729","1":"product","2":"type-product","3":"status-publish","4":"has-post-thumbnail","6":"product_brand-teslaasi","7":"product_cat-model-3","8":"product_cat-m3-tarvikkeet","9":"product_cat-tarvikkeet-ulkopuolelle-model-3","10":"product_cat-tesla-tuotteet","11":"product_tag-autotarvikkeet","12":"product_tag-kattotelineet","13":"product_tag-model-3","14":"product_tag-taakkatelineet","15":"product_tag-tesla","17":"first","18":"instock","19":"taxable","20":"shipping-taxable","21":"purchasable","22":"product-type-simple"},"jetpack_sharing_enabled":true,"_links":{"self":[{"href":"https:\/\/www.vempele.fi\/fi\/wp-json\/wp\/v2\/product\/10729","targetHints":{"allow":["GET"]}}],"collection":[{"href":"https:\/\/www.vempele.fi\/fi\/wp-json\/wp\/v2\/product"}],"about":[{"href":"https:\/\/www.vempele.fi\/fi\/wp-json\/wp\/v2\/types\/product"}],"replies":[{"embeddable":true,"href":"https:\/\/www.vempele.fi\/fi\/wp-json\/wp\/v2\/comments?post=10729"}],"wp:featuredmedia":[{"embeddable":true,"href":"https:\/\/www.vempele.fi\/fi\/wp-json\/wp\/v2\/media\/10725"}],"wp:attachment":[{"href":"https:\/\/www.vempele.fi\/fi\/wp-json\/wp\/v2\/media?parent=10729"}],"wp:term":[{"taxonomy":"product_brand","embeddable":true,"href":"https:\/\/www.vempele.fi\/fi\/wp-json\/wp\/v2\/product_brand?post=10729"},{"taxonomy":"product_cat","embeddable":true,"href":"https:\/\/www.vempele.fi\/fi\/wp-json\/wp\/v2\/product_cat?post=10729"},{"taxonomy":"product_tag","embeddable":true,"href":"https:\/\/www.vempele.fi\/fi\/wp-json\/wp\/v2\/product_tag?post=10729"}],"curies":[{"name":"wp","href":"https:\/\/api.w.org\/{rel}","templated":true}]}}

<p>Helppo asennus mukana tulevan oppaan avulla.</p>
<p>Paketti sisältää kaiken tarvittavan telineiden asentamiseen. Mukana on myös PPF (Paint Protection Film) -kaistaleet telineiden jalkojen alle suojaamaan autosi maalipintaa. PPF-kalvot ovat läpinäkyvät.</p>
<p>Valmistaja on testannut telineiden kestävän 200 kg kuorman. Suosittelemme kuitenkin 68 kg maksimikuormaa, joka on myös Teslan suositus.</p>
<p><b>Lisätiedot:</b></p>
<ul>
<li style="list-style-type: none;">
<ul>
<li>Yhteensopivuus:
<ul>
<li>Model 3 Pre-Refresh vm. 2019 &#8211; 2021</li>
<li>Model 3 Refresh vm. 2021 &#8211; 2023</li>
<li>Model 3 Highland vm 2023 -&gt;</li>
</ul>
</li>
<li>Helppo asennus</li>
<li>Kestävää alumiinia</li>
<li>Paketin mitat: 136 x 16 x 18 cm, 7,4 kg</li>
<li>Paketti sisältää
<ul>
<li>Kiinnitysavaimen</li>
<li>Telineet eteen ja taakse</li>
<li>Telineiden reunamuovit</li>
<li>&#8221;Padit&#8221; telineiden jalkojen alle</li>
<li>Kiinnitysmutterit</li>
<li>kiinnitysklipsut</li>
<li>PPF-kaistaleet</li>
<li>Kiinnitysoppaan</li>
</ul>
</li>
</ul>
</li>
</ul>
<p><strong>Huomio! Kattotelineet ovat alkuperäistä vastaavat, eivät Teslan alkuperäiset.</strong><br />
Kattotelineet vastaavat ulkonäöltään Teslan alkuperäisiä.</p>
<p>Asennusohjeet voit ladata<strong> <a href="https://www.vempele.fi/wp-content/uploads/2022/12/Kattotelineiden-asennusohje.pdf">tästä.</a></strong></p>

<p>Tesla Model 3:n kattotelineet muotivärissä, eli mustana.</p>
<p>Oiva tapa lisätä kuljetuskapasiteettia entisestään; voit käyttää kattotelineitä esimerkiksi suksiboksin tai polkupyörän kuljetustelineen kiinnittämiseen Teslasi katolle.</p>
<p>Sopivat mainiosti myös vain ulkonäkömuutokseksi.</p>
<p>Huom. nämä kattotelineet ovat alkuperäisiä vastaavat, eivät alkuperäiset.</p>
<p>Asennusohjeet voit ladata<strong> <a href="https://www.vempele.fi/wp-content/uploads/2022/12/Kattotelineiden-asennusohje.pdf">tästä.</a></strong></p>
<p><strong>Uusi, lukollinen malli!</strong></p>
