{"id":14653,"date":"2025-02-20T13:10:58","date_gmt":"2025-02-20T11:10:58","guid":{"rendered":"https:\/\/www.vempele.fi\/?post_type=product&#038;p=14653"},"modified":"2025-08-13T08:11:08","modified_gmt":"2025-08-13T05:11:08","slug":"ilmataytteinen-makuualusta-autoon-tesla","status":"publish","type":"product","link":"https:\/\/www.vempele.fi\/fi\/tuote\/ilmataytteinen-makuualusta-autoon-tesla\/","title":{"rendered":"Ilmat\u00e4ytteinen makuualusta autoon"},"content":{"rendered":"<p>K\u00e4tev\u00e4 ilmat\u00e4ytteinen makuualusta autoon pitkille ajomatkoille ja leiriytymiseen.<\/p>\n<p>Pakkaus sis\u00e4lt\u00e4\u00e4<\/p>\n<ul>\n<li>Ilmapatja<\/li>\n<li>Kaksi tyyny\u00e4<\/li>\n<li>Kassi patjalle<\/li>\n<li>Paikkaussarja<\/li>\n<\/ul>\n<p>Jos patjaan tulee reik\u00e4, leikkaa tarrasta sopivan kokoinen py\u00f6re\u00e4 pala. Varmista, ett\u00e4 korjattava kohta on puhdas ja kiinnit\u00e4 tarra. Odota 20 minuuttia ennen kuin t\u00e4yt\u00e4t patjan uudelleen.<\/p>\n<p>Uudistunut malli sopii niin Model 3 kuin Y malleille. Katso kuvat!<\/p>\n<p><strong>HUOM!<br \/>\n<\/strong>Tuotteen mukana ei toimiteta pumppua. Meill\u00e4 on erikseen myynniss\u00e4 <a href=\"https:\/\/www.vempele.fi\/tuote\/akkukayttoinen-retkipumppu-atom\/\">akkuk\u00e4ytt\u00f6inen retkipumppu<\/a> joka soveltuu t\u00e4h\u00e4n patjaan.<\/p>\n","protected":false},"excerpt":{"rendered":"<p>Todella mukavan tuntuinen ilmat\u00e4ytteinen makuualusta auton takaosaan. T\u00e4ss\u00e4 mallissa y\u00f6vyt mukavasti reissussa, silloin kun itse haluat.<\/p>\n<p>Huom! voi sopia muidenkin automallien kanssa, tarkista sopivuus.<\/p>\n<p>T\u00e4ss\u00e4 uudistuneessa mallissa on my\u00f6s kaksi erillist\u00e4 t\u00e4ytett\u00e4v\u00e4\u00e4 tyyny\u00e4!<\/p>\n<p>&nbsp;<\/p>\n<p><strong>HUOM!<br \/>\n<\/strong>Tuotteen mukana ei toimiteta pumppua. Meill\u00e4 on erikseen myynniss\u00e4 <a href=\"https:\/\/www.vempele.fi\/tuote\/akkukayttoinen-retkipumppu-atom\/\">akkuk\u00e4ytt\u00f6inen retkipumppu<\/a> joka soveltuu t\u00e4h\u00e4n patjaan.<\/p>\n","protected":false},"featured_media":35108,"comment_status":"open","ping_status":"closed","template":"","meta":[],"product_brand":[],"product_cat":[151,154,452,455,480,482,128],"product_tag":[83,309,310,156,271,121],"class_list":{"0":"post-14653","1":"product","2":"type-product","3":"status-publish","4":"has-post-thumbnail","6":"product_cat-model-3","7":"product_cat-model-y","8":"product_cat-m3-tarvikkeet","9":"product_cat-my-tarvikkeet","10":"product_cat-tarvikkeet-sisapuolelle-model-3","11":"product_cat-tarvikkeet-sisapuolelle-model-y","12":"product_cat-tesla-tuotteet","13":"product_tag-autotarvikkeet","14":"product_tag-ilmapatja","15":"product_tag-makuualusta","16":"product_tag-model-3","17":"product_tag-model-y","18":"product_tag-tesla","20":"first","21":"outofstock","22":"taxable","23":"shipping-taxable","24":"purchasable","25":"product-type-simple"},"jetpack_sharing_enabled":true,"_links":{"self":[{"href":"https:\/\/www.vempele.fi\/fi\/wp-json\/wp\/v2\/product\/14653","targetHints":{"allow":["GET"]}}],"collection":[{"href":"https:\/\/www.vempele.fi\/fi\/wp-json\/wp\/v2\/product"}],"about":[{"href":"https:\/\/www.vempele.fi\/fi\/wp-json\/wp\/v2\/types\/product"}],"replies":[{"embeddable":true,"href":"https:\/\/www.vempele.fi\/fi\/wp-json\/wp\/v2\/comments?post=14653"}],"wp:featuredmedia":[{"embeddable":true,"href":"https:\/\/www.vempele.fi\/fi\/wp-json\/wp\/v2\/media\/35108"}],"wp:attachment":[{"href":"https:\/\/www.vempele.fi\/fi\/wp-json\/wp\/v2\/media?parent=14653"}],"wp:term":[{"taxonomy":"product_brand","embeddable":true,"href":"https:\/\/www.vempele.fi\/fi\/wp-json\/wp\/v2\/product_brand?post=14653"},{"taxonomy":"product_cat","embeddable":true,"href":"https:\/\/www.vempele.fi\/fi\/wp-json\/wp\/v2\/product_cat?post=14653"},{"taxonomy":"product_tag","embeddable":true,"href":"https:\/\/www.vempele.fi\/fi\/wp-json\/wp\/v2\/product_tag?post=14653"}],"curies":[{"name":"wp","href":"https:\/\/api.w.org\/{rel}","templated":true}]}}

Ilmatäytteinen makuualusta autoon

<p>Kätevä ilmatäytteinen makuualusta autoon pitkille ajomatkoille ja leiriytymiseen.</p>
<p>Pakkaus sisältää</p>
<ul>
<li>Ilmapatja</li>
<li>Kaksi tyynyä</li>
<li>Kassi patjalle</li>
<li>Paikkaussarja</li>
</ul>
<p>Jos patjaan tulee reikä, leikkaa tarrasta sopivan kokoinen pyöreä pala. Varmista, että korjattava kohta on puhdas ja kiinnitä tarra. Odota 20 minuuttia ennen kuin täytät patjan uudelleen.</p>
<p>Uudistunut malli sopii niin Model 3 kuin Y malleille. Katso kuvat!</p>
<p><strong>HUOM!<br />
</strong>Tuotteen mukana ei toimiteta pumppua. Meillä on erikseen myynnissä <a href="https://www.vempele.fi/tuote/akkukayttoinen-retkipumppu-atom/">akkukäyttöinen retkipumppu</a> joka soveltuu tähän patjaan.</p>

<p>Todella mukavan tuntuinen ilmatäytteinen makuualusta auton takaosaan. Tässä mallissa yövyt mukavasti reissussa, silloin kun itse haluat.</p>
<p>Huom! voi sopia muidenkin automallien kanssa, tarkista sopivuus.</p>
<p>Tässä uudistuneessa mallissa on myös kaksi erillistä täytettävää tyynyä!</p>
<p>&nbsp;</p>
<p><strong>HUOM!<br />
</strong>Tuotteen mukana ei toimiteta pumppua. Meillä on erikseen myynnissä <a href="https://www.vempele.fi/tuote/akkukayttoinen-retkipumppu-atom/">akkukäyttöinen retkipumppu</a> joka soveltuu tähän patjaan.</p>
