{"id":16403,"date":"2023-02-16T10:01:25","date_gmt":"2023-02-16T08:01:25","guid":{"rendered":"https:\/\/www.vempele.fi\/?post_type=product&#038;p=16403"},"modified":"2026-01-08T23:06:15","modified_gmt":"2026-01-08T21:06:15","slug":"tesla-model-s-kuralapat","status":"publish","type":"product","link":"https:\/\/www.vempele.fi\/fi\/tuote\/tesla-model-s-kuralapat\/","title":{"rendered":"Kural\u00e4p\u00e4t &#8211; Tesla Model S 2023 ->"},"content":{"rendered":"<p>Tesla Model S:n vuosimalleihin 2023 eteenp\u00e4in sopivat kurasuojat. Paketti sis\u00e4lt\u00e4\u00e4 4 kpl suojia (molemmin puolin eteen ja taakse) sek\u00e4 tarvittavat kiinnitysniitit nastalla ja metalliklipsut.<\/p>\n<p><strong>Tarkemmat tiedot<\/strong><\/p>\n<ul>\n<li>Sopivuus: Tesla Model S\n<ul>\n<li>2023 Eteenp\u00e4in<\/li>\n<\/ul>\n<\/li>\n<li>Materiaali: ABS-muovi<\/li>\n<li>V\u00e4ri: musta<\/li>\n<li>Paketissa mukana:\n<ul>\n<li>4 x kural\u00e4pp\u00e4, koko setti<\/li>\n<li>Kiinnitystarpeet<\/li>\n<\/ul>\n<\/li>\n<\/ul>\n","protected":false},"excerpt":{"rendered":"<p>Kural\u00e4p\u00e4t Tesla Model S:n vuosimalleille 2022 eteenp\u00e4in. Pakkaus sis\u00e4lt\u00e4\u00e4 4 kappaletta kurasuojia, eteen ja taakse omat.<\/p>\n<p>Asennuksessa voi k\u00e4ytt\u00e4\u00e4 olemassa olevia sis\u00e4lokasuojan muoviniittej\u00e4 tai pakkauksen mukana tulevia kiinnitysniittej\u00e4.\u00a0T\u00e4t\u00e4 mallia ei tarvitse erikseen porata sis\u00e4lokasuojaan kiinni, vaan k\u00e4ytet\u00e4\u00e4n ainoastaan olemassa olevia reiki\u00e4.<\/p>\n<p>Suosittelemme PPF-suikaleiden k\u00e4ytt\u00f6\u00e4 auton maalipinnan suojaamiseksi (ei mukana pakkauksessa).<\/p>\n<p><strong>Huom! Tuote ei sovi ennen vuotta 2023 valmistetuille Tesla Model S:lle.<\/strong><\/p>\n","protected":false},"featured_media":16406,"comment_status":"open","ping_status":"closed","template":"","meta":[],"product_brand":[],"product_cat":[152,453,484,128],"product_tag":[83,270,172,121],"class_list":{"0":"post-16403","1":"product","2":"type-product","3":"status-publish","4":"has-post-thumbnail","6":"product_cat-model-s","7":"product_cat-ms-tarvikkeet","8":"product_cat-tarvikkeet-ulkopuolelle-model-s","9":"product_cat-tesla-tuotteet","10":"product_tag-autotarvikkeet","11":"product_tag-kuralapat","12":"product_tag-model-s","13":"product_tag-tesla","15":"first","16":"outofstock","17":"taxable","18":"shipping-taxable","19":"purchasable","20":"product-type-simple"},"jetpack_sharing_enabled":true,"_links":{"self":[{"href":"https:\/\/www.vempele.fi\/fi\/wp-json\/wp\/v2\/product\/16403","targetHints":{"allow":["GET"]}}],"collection":[{"href":"https:\/\/www.vempele.fi\/fi\/wp-json\/wp\/v2\/product"}],"about":[{"href":"https:\/\/www.vempele.fi\/fi\/wp-json\/wp\/v2\/types\/product"}],"replies":[{"embeddable":true,"href":"https:\/\/www.vempele.fi\/fi\/wp-json\/wp\/v2\/comments?post=16403"}],"wp:featuredmedia":[{"embeddable":true,"href":"https:\/\/www.vempele.fi\/fi\/wp-json\/wp\/v2\/media\/16406"}],"wp:attachment":[{"href":"https:\/\/www.vempele.fi\/fi\/wp-json\/wp\/v2\/media?parent=16403"}],"wp:term":[{"taxonomy":"product_brand","embeddable":true,"href":"https:\/\/www.vempele.fi\/fi\/wp-json\/wp\/v2\/product_brand?post=16403"},{"taxonomy":"product_cat","embeddable":true,"href":"https:\/\/www.vempele.fi\/fi\/wp-json\/wp\/v2\/product_cat?post=16403"},{"taxonomy":"product_tag","embeddable":true,"href":"https:\/\/www.vempele.fi\/fi\/wp-json\/wp\/v2\/product_tag?post=16403"}],"curies":[{"name":"wp","href":"https:\/\/api.w.org\/{rel}","templated":true}]}}

Kuraläpät &#8211; Tesla Model S 2023 ->

<p>Tesla Model S:n vuosimalleihin 2023 eteenpäin sopivat kurasuojat. Paketti sisältää 4 kpl suojia (molemmin puolin eteen ja taakse) sekä tarvittavat kiinnitysniitit nastalla ja metalliklipsut.</p>
<p><strong>Tarkemmat tiedot</strong></p>
<ul>
<li>Sopivuus: Tesla Model S
<ul>
<li>2023 Eteenpäin</li>
</ul>
</li>
<li>Materiaali: ABS-muovi</li>
<li>Väri: musta</li>
<li>Paketissa mukana:
<ul>
<li>4 x kuraläppä, koko setti</li>
<li>Kiinnitystarpeet</li>
</ul>
</li>
</ul>

<p>Kuraläpät Tesla Model S:n vuosimalleille 2022 eteenpäin. Pakkaus sisältää 4 kappaletta kurasuojia, eteen ja taakse omat.</p>
<p>Asennuksessa voi käyttää olemassa olevia sisälokasuojan muoviniittejä tai pakkauksen mukana tulevia kiinnitysniittejä. Tätä mallia ei tarvitse erikseen porata sisälokasuojaan kiinni, vaan käytetään ainoastaan olemassa olevia reikiä.</p>
<p>Suosittelemme PPF-suikaleiden käyttöä auton maalipinnan suojaamiseksi (ei mukana pakkauksessa).</p>
<p><strong>Huom! Tuote ei sovi ennen vuotta 2023 valmistetuille Tesla Model S:lle.</strong></p>
