{"id":7114,"date":"2021-07-20T10:32:42","date_gmt":"2021-07-20T07:32:42","guid":{"rendered":"https:\/\/www.vempele.fi\/?post_type=product&#038;p=7114"},"modified":"2026-04-27T14:30:35","modified_gmt":"2026-04-27T11:30:35","slug":"tesla-model-3-ovitiivisteet","status":"publish","type":"product","link":"https:\/\/www.vempele.fi\/fi\/tuote\/tesla-model-3-ovitiivisteet\/","title":{"rendered":"Ovitiivisteet &#8211; Tesla Model 3"},"content":{"rendered":"<p><b>Tuotteen tiedot:<\/b><\/p>\n<ul>\n<li>Yhteensopivuus:\n<ul>\n<li>Model 3 Pre-Refresh vm. 2019 \u2013 2021<\/li>\n<li>Model 3 Refresh vm. 2021 \u2013 2023<\/li>\n<li>Model 3 Highland vm. 2024 &#8211; Huom!!\n<ul>Ovet sopii sellaisenaan, frunk vaatii ylim\u00e4\u00e4r\u00e4isen katkaisua ja takaluukku on hieman erilainen joten ei sovi suoraan mutta virittelem\u00e4ll\u00e4 ja k\u00e4ytt\u00e4m\u00e4ll\u00e4 ylim\u00e4\u00e4r\u00e4isen palan frunkista takaluukkuun saa senkin kierretty\u00e4<\/ul>\n<\/li>\n<\/ul>\n<\/li>\n<li>V\u00e4ri: Musta<\/li>\n<li>Valmistusmaa: Kiina<\/li>\n<\/ul>\n<p>Pakkaus sis\u00e4lt\u00e4\u00e4 ovitiivisteet nelj\u00e4\u00e4n oveen, sek\u00e4 etu- ja takaluukulle!<\/p>\n","protected":false},"excerpt":{"rendered":"<p><strong>Mukana nyt my\u00f6s etu- ja takaluukun tiivisteet!<\/strong><\/p>\n<p>Tesla Model 3:een valmistetut ovitiivisteet. Tiivisteet vaimentavat hieman melua, mutta niiden t\u00e4rkein ominaisuus on pit\u00e4\u00e4 ovet ja kynnykset puhtaina.<\/p>\n<p>Asennuspaikat on merkitty tiivisteisiin, joten asentaminen on helppoa.<\/p>\n<p>Pakkauksessa ovitiivisteet jokaiselle nelj\u00e4lle ovelle, sek\u00e4 etu- ja takaluukulle!<\/p>\n<p>Katso <a href=\"https:\/\/www.youtube.com\/watch?v=Jvv4K57nh8I\" target=\"_blank\" rel=\"noopener\">t\u00e4st\u00e4<\/a> video tiivisteiden asennuksesta!<\/p>\n","protected":false},"featured_media":25988,"comment_status":"open","ping_status":"closed","template":"","meta":[],"product_brand":[],"product_cat":[151,452,480,128],"product_tag":[156,121,578],"class_list":{"0":"post-7114","1":"product","2":"type-product","3":"status-publish","4":"has-post-thumbnail","6":"product_cat-model-3","7":"product_cat-m3-tarvikkeet","8":"product_cat-tarvikkeet-sisapuolelle-model-3","9":"product_cat-tesla-tuotteet","10":"product_tag-model-3","11":"product_tag-tesla","12":"product_tag-tiivisteet","14":"first","15":"instock","16":"taxable","17":"shipping-taxable","18":"purchasable","19":"product-type-simple"},"jetpack_sharing_enabled":true,"_links":{"self":[{"href":"https:\/\/www.vempele.fi\/fi\/wp-json\/wp\/v2\/product\/7114","targetHints":{"allow":["GET"]}}],"collection":[{"href":"https:\/\/www.vempele.fi\/fi\/wp-json\/wp\/v2\/product"}],"about":[{"href":"https:\/\/www.vempele.fi\/fi\/wp-json\/wp\/v2\/types\/product"}],"replies":[{"embeddable":true,"href":"https:\/\/www.vempele.fi\/fi\/wp-json\/wp\/v2\/comments?post=7114"}],"wp:featuredmedia":[{"embeddable":true,"href":"https:\/\/www.vempele.fi\/fi\/wp-json\/wp\/v2\/media\/25988"}],"wp:attachment":[{"href":"https:\/\/www.vempele.fi\/fi\/wp-json\/wp\/v2\/media?parent=7114"}],"wp:term":[{"taxonomy":"product_brand","embeddable":true,"href":"https:\/\/www.vempele.fi\/fi\/wp-json\/wp\/v2\/product_brand?post=7114"},{"taxonomy":"product_cat","embeddable":true,"href":"https:\/\/www.vempele.fi\/fi\/wp-json\/wp\/v2\/product_cat?post=7114"},{"taxonomy":"product_tag","embeddable":true,"href":"https:\/\/www.vempele.fi\/fi\/wp-json\/wp\/v2\/product_tag?post=7114"}],"curies":[{"name":"wp","href":"https:\/\/api.w.org\/{rel}","templated":true}]}}

<p><b>Tuotteen tiedot:</b></p>
<ul>
<li>Yhteensopivuus:
<ul>
<li>Model 3 Pre-Refresh vm. 2019 – 2021</li>
<li>Model 3 Refresh vm. 2021 – 2023</li>
<li>Model 3 Highland vm. 2024 &#8211; Huom!!
<ul>Ovet sopii sellaisenaan, frunk vaatii ylimääräisen katkaisua ja takaluukku on hieman erilainen joten ei sovi suoraan mutta virittelemällä ja käyttämällä ylimääräisen palan frunkista takaluukkuun saa senkin kierrettyä</ul>
</li>
</ul>
</li>
<li>Väri: Musta</li>
<li>Valmistusmaa: Kiina</li>
</ul>
<p>Pakkaus sisältää ovitiivisteet neljään oveen, sekä etu- ja takaluukulle!</p>

<p><strong>Mukana nyt myös etu- ja takaluukun tiivisteet!</strong></p>
<p>Tesla Model 3:een valmistetut ovitiivisteet. Tiivisteet vaimentavat hieman melua, mutta niiden tärkein ominaisuus on pitää ovet ja kynnykset puhtaina.</p>
<p>Asennuspaikat on merkitty tiivisteisiin, joten asentaminen on helppoa.</p>
<p>Pakkauksessa ovitiivisteet jokaiselle neljälle ovelle, sekä etu- ja takaluukulle!</p>
<p>Katso <a href="https://www.youtube.com/watch?v=Jvv4K57nh8I" target="_blank" rel="noopener">tästä</a> video tiivisteiden asennuksesta!</p>
