{"id":9023,"date":"2022-01-25T11:21:25","date_gmt":"2022-01-25T09:21:25","guid":{"rendered":"https:\/\/www.vempele.fi\/?post_type=product&#038;p=9023"},"modified":"2026-04-24T17:37:58","modified_gmt":"2026-04-24T14:37:58","slug":"tesla-model-y-frunk-trunk-kaukalomatot","status":"publish","type":"product","link":"https:\/\/www.vempele.fi\/fi\/tuote\/tesla-model-y-frunk-trunk-kaukalomatot\/","title":{"rendered":"Frunk \/ Trunk EVA- Kaukalomatot &#8211; Tesla Model Y"},"content":{"rendered":"<p>Tesla Model Y:n\u00a0 kaukalomatot etu- ja takakonttiin.<\/p>\n<p>Valittavissa olevat mattovaihtoehdot:<\/p>\n<ul>\n<li>Etukontin matto (2025 Front box mat)\n<ul>\n<li>Sopivuus:\n<ul>\n<li>Tesla Model Y 2025 &#8211;<\/li>\n<\/ul>\n<\/li>\n<\/ul>\n<\/li>\n<li>Etukontin matto (Front box mat)\n<ul>\n<li>Sopivuus:\n<ul>\n<li>Tesla Model Y 2020 &#8211; 2024<\/li>\n<\/ul>\n<\/li>\n<\/ul>\n<\/li>\n<li>Takakontin pienen s\u00e4ilytystilan matto (Trunk Storage Mat)\n<ul>\n<li>Sopivuus:\n<ul>\n<li>Tesla Mode Y 2020 &#8211; 2024<\/li>\n<li>Tesla Model Y 2024-&gt; (Juniper)<\/li>\n<\/ul>\n<\/li>\n<\/ul>\n<\/li>\n<li>Iso, koko tilan peitt\u00e4v\u00e4 takakontin matto (Trunk Mat)\n<ul>\n<li>Sopivuus:\n<ul>\n<li>Tesla Model Y 2020 &#8211; 2024<\/li>\n<li>Tesla Model Y 2024-&gt; (Juniper)<\/li>\n<\/ul>\n<\/li>\n<\/ul>\n<\/li>\n<\/ul>\n<p><b>Tarkemmat tiedot<\/b><\/p>\n<p>Materiaali: EVA-muovi<br \/>\nV\u00e4ri: Musta<\/p>\n","protected":false},"excerpt":{"rendered":"<p>Todella laadukkaat\u00a0 kaukalomatot auton s\u00e4ilytystiloihin. Matot istuvat t\u00e4ydellisesti Tesla Model Y:hyn.<\/p>\n<p>Jos kuljetat autosi tavaratiloissa m\u00e4rki\u00e4 lataustarvikkeita ja esimerkiksi kastuneita tai kuraisia kenki\u00e4\/vaatteita, kaukalomatto on j\u00e4rkev\u00e4 hankinta. Vedenkest\u00e4v\u00e4t kaukalomatot pit\u00e4v\u00e4t kuran ja veden aisoissa. Lis\u00e4ksi kaukalomattojen puhdistaminen ja kuivaaminen on huomattavasti helpompaa kuin auton oman verhoilumateriaalin.<\/p>\n<p>Isossa takakontin matossa on taitos, joka mahdollistaa helpon p\u00e4\u00e4syn takatilan pieneen tarvikelokeroon.<\/p>\n<p>Maton viimeistely saattaa poiketa hieman kuvasta riippuen maton valmistuser\u00e4st\u00e4.<\/p>\n<p>Pakkaus sis\u00e4lt\u00e4\u00e4 alla olevasta valikosta valitsemasi maton.<\/p>\n","protected":false},"featured_media":9028,"comment_status":"open","ping_status":"closed","template":"","meta":[],"product_brand":[],"product_cat":[408,154,128],"product_tag":[83,503,513,562,553,271,121,554],"class_list":{"0":"post-9023","1":"product","2":"type-product","3":"status-publish","4":"has-post-thumbnail","6":"product_cat-matot-model-y","7":"product_cat-model-y","8":"product_cat-tesla-tuotteet","9":"product_tag-autotarvikkeet","10":"product_tag-frunk","11":"product_tag-kaukalomatot","12":"product_tag-kumimatot","13":"product_tag-kuramatot","14":"product_tag-model-y","15":"product_tag-tesla","16":"product_tag-trunk","17":"product_shipping_class-nouto","19":"first","20":"instock","21":"taxable","22":"shipping-taxable","23":"purchasable","24":"product-type-variable","25":"has-default-attributes"},"jetpack_sharing_enabled":true,"_links":{"self":[{"href":"https:\/\/www.vempele.fi\/fi\/wp-json\/wp\/v2\/product\/9023","targetHints":{"allow":["GET"]}}],"collection":[{"href":"https:\/\/www.vempele.fi\/fi\/wp-json\/wp\/v2\/product"}],"about":[{"href":"https:\/\/www.vempele.fi\/fi\/wp-json\/wp\/v2\/types\/product"}],"replies":[{"embeddable":true,"href":"https:\/\/www.vempele.fi\/fi\/wp-json\/wp\/v2\/comments?post=9023"}],"wp:featuredmedia":[{"embeddable":true,"href":"https:\/\/www.vempele.fi\/fi\/wp-json\/wp\/v2\/media\/9028"}],"wp:attachment":[{"href":"https:\/\/www.vempele.fi\/fi\/wp-json\/wp\/v2\/media?parent=9023"}],"wp:term":[{"taxonomy":"product_brand","embeddable":true,"href":"https:\/\/www.vempele.fi\/fi\/wp-json\/wp\/v2\/product_brand?post=9023"},{"taxonomy":"product_cat","embeddable":true,"href":"https:\/\/www.vempele.fi\/fi\/wp-json\/wp\/v2\/product_cat?post=9023"},{"taxonomy":"product_tag","embeddable":true,"href":"https:\/\/www.vempele.fi\/fi\/wp-json\/wp\/v2\/product_tag?post=9023"}],"curies":[{"name":"wp","href":"https:\/\/api.w.org\/{rel}","templated":true}]}}

<p>Tesla Model Y:n  kaukalomatot etu- ja takakonttiin.</p>
<p>Valittavissa olevat mattovaihtoehdot:</p>
<ul>
<li>Etukontin matto (2025 Front box mat)
<ul>
<li>Sopivuus:
<ul>
<li>Tesla Model Y 2025 &#8211;</li>
</ul>
</li>
</ul>
</li>
<li>Etukontin matto (Front box mat)
<ul>
<li>Sopivuus:
<ul>
<li>Tesla Model Y 2020 &#8211; 2024</li>
</ul>
</li>
</ul>
</li>
<li>Takakontin pienen säilytystilan matto (Trunk Storage Mat)
<ul>
<li>Sopivuus:
<ul>
<li>Tesla Mode Y 2020 &#8211; 2024</li>
<li>Tesla Model Y 2024-&gt; (Juniper)</li>
</ul>
</li>
</ul>
</li>
<li>Iso, koko tilan peittävä takakontin matto (Trunk Mat)
<ul>
<li>Sopivuus:
<ul>
<li>Tesla Model Y 2020 &#8211; 2024</li>
<li>Tesla Model Y 2024-&gt; (Juniper)</li>
</ul>
</li>
</ul>
</li>
</ul>
<p><b>Tarkemmat tiedot</b></p>
<p>Materiaali: EVA-muovi<br />
Väri: Musta</p>

<p>Todella laadukkaat  kaukalomatot auton säilytystiloihin. Matot istuvat täydellisesti Tesla Model Y:hyn.</p>
<p>Jos kuljetat autosi tavaratiloissa märkiä lataustarvikkeita ja esimerkiksi kastuneita tai kuraisia kenkiä/vaatteita, kaukalomatto on järkevä hankinta. Vedenkestävät kaukalomatot pitävät kuran ja veden aisoissa. Lisäksi kaukalomattojen puhdistaminen ja kuivaaminen on huomattavasti helpompaa kuin auton oman verhoilumateriaalin.</p>
<p>Isossa takakontin matossa on taitos, joka mahdollistaa helpon pääsyn takatilan pieneen tarvikelokeroon.</p>
<p>Maton viimeistely saattaa poiketa hieman kuvasta riippuen maton valmistuserästä.</p>
<p>Pakkaus sisältää alla olevasta valikosta valitsemasi maton.</p>
