{"id":7114,"date":"2021-07-20T10:32:42","date_gmt":"2021-07-20T07:32:42","guid":{"rendered":"https:\/\/www.vempele.fi\/?post_type=product&#038;p=7114"},"modified":"2026-08-30T17:03:30","modified_gmt":"2026-08-30T14:03:30","slug":"tesla-modell-3-dorpakninger","status":"publish","type":"product","link":"https:\/\/www.vempele.fi\/no\/tuote\/tesla-model-3-ovitiivisteet\/","title":{"rendered":"D\u00f8rpakninger - Tesla Model 3"},"content":{"rendered":"<p>D\u00f8rpakninger \u2013 Tesla Model 3.<\/p>\n<p><b>Produktinformasjon:<\/b><\/p>\n<ul>\n<li>Kompatibilitet:\n<ul>\n<li>Model 3 Pre-Refresh (2019 \u2013 2021) + Performance<\/li>\n<li>Model 3 Facelift (2021 \u2013 2023) + Performance<\/li>\n<li>Modell 3 Highland vm. 2024 - <strong>OBS!!<\/strong>\n<ul>D\u00f8rene passer som de er, frunken, det vil si fronterommet, krever et ekstra kutt i listverket, og bakluken er litt annerledes. S\u00e5 det passer ikke direkte, men med litt modifisering og ved \u00e5 bruke en ekstra bit fra frunken til bakluken, kan du omg\u00e5 det ogs\u00e5 fullstendig.<\/ul>\n<\/li>\n<\/ul>\n<\/li>\n<li>Farge: Svart<\/li>\n<li>Produksjonsland: Kina<\/li>\n<\/ul>\n<p>Pakken inneholder d\u00f8rpakninger for fire d\u00f8rer, samt for inngangs- og bakd\u00f8r!<\/p>","protected":false},"excerpt":{"rendered":"<p><strong>N\u00e5 ogs\u00e5 med d\u00f8rpakninger foran og bak!<\/strong><\/p>\n<p>D\u00f8rpakninger til Tesla Model 3. Tetningene gir en viss st\u00f8yreduksjon, men hovedfunksjonen er \u00e5 holde d\u00f8rene og tersklene rene.<\/p>\n<p>Monteringspunktene er merket p\u00e5 pakningene, noe som gj\u00f8r monteringen enkel.<\/p>\n<p>Pakket med d\u00f8rpakninger for hver av de fire d\u00f8rene, samt for- og bakd\u00f8rene!<\/p>\n<p>Se <a href=\"https:\/\/www.youtube.com\/watch?v=Jvv4K57nh8I\" target=\"_blank\" rel=\"noopener\">Her<\/a> video om installasjon av tetninger!<\/p>","protected":false},"featured_media":25988,"comment_status":"open","ping_status":"closed","template":"","meta":[],"product_brand":[],"product_cat":[151,452,480,128],"product_tag":[156,121,578],"class_list":["post-7114","product","type-product","status-publish","has-post-thumbnail","product_cat-model-3","product_cat-m3-tarvikkeet","product_cat-tarvikkeet-sisapuolelle-model-3","product_cat-tesla-tuotteet","product_tag-model-3","product_tag-tesla","product_tag-tiivisteet","first","instock","taxable","shipping-taxable","purchasable","product-type-simple"],"jetpack_sharing_enabled":true,"_links":{"self":[{"href":"https:\/\/www.vempele.fi\/no\/wp-json\/wp\/v2\/product\/7114","targetHints":{"allow":["GET"]}}],"collection":[{"href":"https:\/\/www.vempele.fi\/no\/wp-json\/wp\/v2\/product"}],"about":[{"href":"https:\/\/www.vempele.fi\/no\/wp-json\/wp\/v2\/types\/product"}],"replies":[{"embeddable":true,"href":"https:\/\/www.vempele.fi\/no\/wp-json\/wp\/v2\/comments?post=7114"}],"wp:featuredmedia":[{"embeddable":true,"href":"https:\/\/www.vempele.fi\/no\/wp-json\/wp\/v2\/media\/25988"}],"wp:attachment":[{"href":"https:\/\/www.vempele.fi\/no\/wp-json\/wp\/v2\/media?parent=7114"}],"wp:term":[{"taxonomy":"product_brand","embeddable":true,"href":"https:\/\/www.vempele.fi\/no\/wp-json\/wp\/v2\/product_brand?post=7114"},{"taxonomy":"product_cat","embeddable":true,"href":"https:\/\/www.vempele.fi\/no\/wp-json\/wp\/v2\/product_cat?post=7114"},{"taxonomy":"product_tag","embeddable":true,"href":"https:\/\/www.vempele.fi\/no\/wp-json\/wp\/v2\/product_tag?post=7114"}],"curies":[{"name":"wp","href":"https:\/\/api.w.org\/{rel}","templated":true}]}}

Dørpakninger - Tesla Model 3

<p>Dørpakninger – Tesla Model 3.</p>
<p><b>Produktinformasjon:</b></p>
<ul>
<li>Kompatibilitet:
<ul>
<li>Model 3 Pre-Refresh (2019 – 2021) + Performance</li>
<li>Model 3 Facelift (2021 – 2023) + Performance</li>
<li>Modell 3 Highland vm. 2024 - <strong>OBS!!</strong>
<ul>Dørene passer som de er, frunken, det vil si fronterommet, krever et ekstra kutt i listverket, og bakluken er litt annerledes. Så det passer ikke direkte, men med litt modifisering og ved å bruke en ekstra bit fra frunken til bakluken, kan du omgå det også fullstendig.</ul>
</li>
</ul>
</li>
<li>Farge: Svart</li>
<li>Produksjonsland: Kina</li>
</ul>
<p>Pakken inneholder dørpakninger for fire dører, samt for inngangs- og bakdør!</p>

<p><strong>Nå også med dørpakninger foran og bak!</strong></p>
<p>Dørpakninger til Tesla Model 3. Tetningene gir en viss støyreduksjon, men hovedfunksjonen er å holde dørene og tersklene rene.</p>
<p>Monteringspunktene er merket på pakningene, noe som gjør monteringen enkel.</p>
<p>Pakket med dørpakninger for hver av de fire dørene, samt for- og bakdørene!</p>
<p>Se <a href="https://www.youtube.com/watch?v=Jvv4K57nh8I" target="_blank" rel="noopener">Her</a> video om installasjon av tetninger!</p>
