{"id":35892,"date":"2025-03-27T14:49:37","date_gmt":"2025-03-27T12:49:37","guid":{"rendered":"https:\/\/www.vempele.fi\/?post_type=product&#038;p=35892"},"modified":"2026-04-30T17:03:14","modified_gmt":"2026-04-30T14:03:14","slug":"luftfilter-ridex-plus-tesla-modell-3-y","status":"publish","type":"product","link":"https:\/\/www.vempele.fi\/sv\/tuote\/ilmansuodatin-ridex-plus-tesla-model-3-y\/","title":{"rendered":"Luftfilter Ridex Plus - Tesla Model 3 \/ Y"},"content":{"rendered":"<p>Luftfilter Ridex Plus f\u00f6r Tesla Model 3 \/ Y<\/p>\n<ul>\n<li>\u00a0L\u00e4mplighet:\n<ul>\n<li>Modell Y 2020 - 2024<\/li>\n<li>Modell Y 2025 -&gt; (Juniper)<\/li>\n<li>Model 3 Pre-Refresh vm. 2019 - 2021<\/li>\n<li>Modell 3 Uppdatering vm. 2021 - 2023<\/li>\n<li>Modell 3 Highland vm. 2023 -&gt;<\/li>\n<\/ul>\n<\/li>\n<li>Paketet inneh\u00e5ller: 1 x luftfilter Ridex Plus f\u00f6r Tesla Model 3 \/ Y. (best\u00e4ll 2 delar av produkten om du vill byta ut b\u00e5da luftfiltren)<\/li>\n<li>Storlek: 14,3 x 24 x 3 cm (m\u00e5tt f\u00f6r ett luftfilter)<\/li>\n<li>Tillverkarens produktnummer: 424I0645P<\/li>\n<li>OE-referensnummer som tillhandah\u00e5lls av tillverkaren\n<ul>\n<li>1107681-00-A<\/li>\n<li>1107681-00-B<\/li>\n<li>1107681-00-C<\/li>\n<\/ul>\n<\/li>\n<\/ul>","protected":false},"excerpt":{"rendered":"<p>Ridex Plus aktivt kolfilter f\u00f6r Tesla Model 3 och Y. Tillverkaren rekommenderar att filtren byts ut vartannat \u00e5r, men under finska k\u00f6rf\u00f6rh\u00e5llanden rekommenderar vi ett bytesintervall p\u00e5 ett \u00e5r.<\/p>\n<p><a href=\"https:\/\/www.youtube.com\/watch?v=aSDG-IZTuYU\" target=\"_blank\" rel=\"noopener noreferrer\">YouTube har instruktioner f\u00f6r utbyte<\/a>. Panelerna lossnar l\u00e4tt, men en torxskruv sitter p\u00e5 en d\u00e5lig plats och kr\u00e4ver en n\u00e5got obekv\u00e4m position i fotutrymmet \ud83d\ude42 Det \u00e4r ocks\u00e5 v\u00e4rt att noggrant dammsuga skr\u00e4pet ur filterhusets utrymme.<\/p>\n<p>F\u00f6rpackningen inneh\u00e5ller ett (1) luftfilter.<\/p>\n<p><strong>Observera! Tesla Model 3 och Y har tv\u00e5 luftfilter. Best\u00e4ll 2 av produkten om du vill byta ut b\u00e5da luftfiltren!<\/strong><\/p>","protected":false},"featured_media":35893,"comment_status":"open","ping_status":"closed","template":"","meta":[],"product_brand":[745],"product_cat":[151,154,452,455,480,482,128,471,472],"product_tag":[83,156,271,204,511,121],"class_list":{"0":"post-35892","1":"product","2":"type-product","3":"status-publish","4":"has-post-thumbnail","6":"product_brand-ridex","7":"product_cat-model-3","8":"product_cat-model-y","9":"product_cat-m3-tarvikkeet","10":"product_cat-my-tarvikkeet","11":"product_cat-tarvikkeet-sisapuolelle-model-3","12":"product_cat-tarvikkeet-sisapuolelle-model-y","13":"product_cat-tesla-tuotteet","14":"product_cat-model-3-varaosat","15":"product_cat-varaosat-model-y","16":"product_tag-autotarvikkeet","17":"product_tag-model-3","18":"product_tag-model-y","19":"product_tag-raitisilmasuodatin","20":"product_tag-suodatin","21":"product_tag-tesla","23":"first","24":"instock","25":"taxable","26":"shipping-taxable","27":"purchasable","28":"product-type-simple"},"jetpack_sharing_enabled":true,"_links":{"self":[{"href":"https:\/\/www.vempele.fi\/sv\/wp-json\/wp\/v2\/product\/35892","targetHints":{"allow":["GET"]}}],"collection":[{"href":"https:\/\/www.vempele.fi\/sv\/wp-json\/wp\/v2\/product"}],"about":[{"href":"https:\/\/www.vempele.fi\/sv\/wp-json\/wp\/v2\/types\/product"}],"replies":[{"embeddable":true,"href":"https:\/\/www.vempele.fi\/sv\/wp-json\/wp\/v2\/comments?post=35892"}],"wp:featuredmedia":[{"embeddable":true,"href":"https:\/\/www.vempele.fi\/sv\/wp-json\/wp\/v2\/media\/35893"}],"wp:attachment":[{"href":"https:\/\/www.vempele.fi\/sv\/wp-json\/wp\/v2\/media?parent=35892"}],"wp:term":[{"taxonomy":"product_brand","embeddable":true,"href":"https:\/\/www.vempele.fi\/sv\/wp-json\/wp\/v2\/product_brand?post=35892"},{"taxonomy":"product_cat","embeddable":true,"href":"https:\/\/www.vempele.fi\/sv\/wp-json\/wp\/v2\/product_cat?post=35892"},{"taxonomy":"product_tag","embeddable":true,"href":"https:\/\/www.vempele.fi\/sv\/wp-json\/wp\/v2\/product_tag?post=35892"}],"curies":[{"name":"wp","href":"https:\/\/api.w.org\/{rel}","templated":true}]}}

<p>Luftfilter Ridex Plus för Tesla Model 3 / Y</p>
<ul>
<li> Lämplighet:
<ul>
<li>Modell Y 2020 - 2024</li>
<li>Modell Y 2025 -&gt; (Juniper)</li>
<li>Model 3 Pre-Refresh vm. 2019 - 2021</li>
<li>Modell 3 Uppdatering vm. 2021 - 2023</li>
<li>Modell 3 Highland vm. 2023 -&gt;</li>
</ul>
</li>
<li>Paketet innehåller: 1 x luftfilter Ridex Plus för Tesla Model 3 / Y. (beställ 2 delar av produkten om du vill byta ut båda luftfiltren)</li>
<li>Storlek: 14,3 x 24 x 3 cm (mått för ett luftfilter)</li>
<li>Tillverkarens produktnummer: 424I0645P</li>
<li>OE-referensnummer som tillhandahålls av tillverkaren
<ul>
<li>1107681-00-A</li>
<li>1107681-00-B</li>
<li>1107681-00-C</li>
</ul>
</li>
</ul>

<p>Ridex Plus aktivt kolfilter för Tesla Model 3 och Y. Tillverkaren rekommenderar att filtren byts ut vartannat år, men under finska körförhållanden rekommenderar vi ett bytesintervall på ett år.</p>
<p><a href="https://www.youtube.com/watch?v=aSDG-IZTuYU" target="_blank" rel="noopener noreferrer">YouTube har instruktioner för utbyte</a>. Panelerna lossnar lätt, men en torxskruv sitter på en dålig plats och kräver en något obekväm position i fotutrymmet 🙂 Det är också värt att noggrant dammsuga skräpet ur filterhusets utrymme.</p>
<p>Förpackningen innehåller ett (1) luftfilter.</p>
<p><strong>Observera! Tesla Model 3 och Y har två luftfilter. Beställ 2 av produkten om du vill byta ut båda luftfiltren!</strong></p>
