{"id":9673,"date":"2022-03-11T11:52:56","date_gmt":"2022-03-11T09:52:56","guid":{"rendered":"https:\/\/www.vempele.fi\/?post_type=product&#038;p=9673"},"modified":"2026-03-25T12:09:28","modified_gmt":"2026-03-25T10:09:28","slug":"tesla-dorrdamparplattor-5-st","status":"publish","type":"product","link":"https:\/\/www.vempele.fi\/sv\/tuote\/tesla-oven-vaimennustyynyt-5-kpl\/","title":{"rendered":"D\u00e4mparplattor f\u00f6r bild\u00f6rrar 5 st"},"content":{"rendered":"<p>D\u00e4mparplattor f\u00f6r bild\u00f6rrar 5 st<\/p>\n<ul>\n<li>D\u00e4mparplattor f\u00f6r d\u00f6rr, 5 st<\/li>\n<li>Kompatibilitet: Tesla Model 3\/S\/X\/Y, \u00e4ven andra bilmodeller<\/li>\n<li>F\u00e4rg: svart, med vitt bilm\u00f6nster<\/li>\n<li>Storlek: 27 x 8 mm (1 st)<\/li>\n<li>Vikt: 2,5 g (1 st)<\/li>\n<\/ul>","protected":false},"excerpt":{"rendered":"<p>D\u00f6rrd\u00e4mpare nu tillg\u00e4ngliga f\u00f6r Tesla-modellerna 3, S, X och Y! L\u00e4mpliga f\u00f6r att d\u00e4mpa st\u00f6tar och ljud i b\u00e5de d\u00f6rrar och luckor.<br \/>\nF\u00f6rpackning med 5 svarta kuddar med bilm\u00f6nster. Kuddarna \u00e4r f\u00f6rsedda med sj\u00e4lvh\u00e4ftande tejp och f\u00e4sts p\u00e5 d\u00f6rr\u00f6ppningen, tr\u00f6skeln och\/eller sidan. Reng\u00f6r ytan noggrant och fixera dynorna p\u00e5 en varm plats f\u00f6r att f\u00f6rb\u00e4ttra vidh\u00e4ftningen av tejpen.<\/p>","protected":false},"featured_media":19229,"comment_status":"open","ping_status":"closed","template":"","meta":[],"product_brand":[],"product_cat":[151,152,153,154,452,453,454,455,481,484,486,483,128],"product_tag":[339,83,340,156,172,173,271,540,121,319],"class_list":{"0":"post-9673","1":"product","2":"type-product","3":"status-publish","4":"has-post-thumbnail","6":"product_cat-model-3","7":"product_cat-model-s","8":"product_cat-model-x","9":"product_cat-model-y","10":"product_cat-m3-tarvikkeet","11":"product_cat-ms-tarvikkeet","12":"product_cat-mx-tarvikkeet","13":"product_cat-my-tarvikkeet","14":"product_cat-tarvikkeet-ulkopuolelle-model-3","15":"product_cat-tarvikkeet-ulkopuolelle-model-s","16":"product_cat-tarvikkeet-ulkopuolelle-model-x","17":"product_cat-tarvikkeet-ulkopuolelle-model-y","18":"product_cat-tesla-tuotteet","19":"product_tag-aanenvaimennus","20":"product_tag-autotarvikkeet","21":"product_tag-iskunvaimennus","22":"product_tag-model-3","23":"product_tag-model-s","24":"product_tag-model-x","25":"product_tag-model-y","26":"product_tag-ovityyny","27":"product_tag-tesla","28":"product_tag-varaosat","30":"first","31":"outofstock","32":"taxable","33":"shipping-taxable","34":"purchasable","35":"product-type-simple"},"jetpack_sharing_enabled":true,"_links":{"self":[{"href":"https:\/\/www.vempele.fi\/sv\/wp-json\/wp\/v2\/product\/9673","targetHints":{"allow":["GET"]}}],"collection":[{"href":"https:\/\/www.vempele.fi\/sv\/wp-json\/wp\/v2\/product"}],"about":[{"href":"https:\/\/www.vempele.fi\/sv\/wp-json\/wp\/v2\/types\/product"}],"replies":[{"embeddable":true,"href":"https:\/\/www.vempele.fi\/sv\/wp-json\/wp\/v2\/comments?post=9673"}],"wp:featuredmedia":[{"embeddable":true,"href":"https:\/\/www.vempele.fi\/sv\/wp-json\/wp\/v2\/media\/19229"}],"wp:attachment":[{"href":"https:\/\/www.vempele.fi\/sv\/wp-json\/wp\/v2\/media?parent=9673"}],"wp:term":[{"taxonomy":"product_brand","embeddable":true,"href":"https:\/\/www.vempele.fi\/sv\/wp-json\/wp\/v2\/product_brand?post=9673"},{"taxonomy":"product_cat","embeddable":true,"href":"https:\/\/www.vempele.fi\/sv\/wp-json\/wp\/v2\/product_cat?post=9673"},{"taxonomy":"product_tag","embeddable":true,"href":"https:\/\/www.vempele.fi\/sv\/wp-json\/wp\/v2\/product_tag?post=9673"}],"curies":[{"name":"wp","href":"https:\/\/api.w.org\/{rel}","templated":true}]}}

Dämparplattor för bildörrar 5 st

<p>Dämparplattor för bildörrar 5 st</p>
<ul>
<li>Dämparplattor för dörr, 5 st</li>
<li>Kompatibilitet: Tesla Model 3/S/X/Y, även andra bilmodeller</li>
<li>Färg: svart, med vitt bilmönster</li>
<li>Storlek: 27 x 8 mm (1 st)</li>
<li>Vikt: 2,5 g (1 st)</li>
</ul>

<p>Dörrdämpare nu tillgängliga för Tesla-modellerna 3, S, X och Y! Lämpliga för att dämpa stötar och ljud i både dörrar och luckor.<br />
Förpackning med 5 svarta kuddar med bilmönster. Kuddarna är försedda med självhäftande tejp och fästs på dörröppningen, tröskeln och/eller sidan. Rengör ytan noggrant och fixera dynorna på en varm plats för att förbättra vidhäftningen av tejpen.</p>
